8 + 12 + (-3 - -4).
5
What is the value of 11 + -9 - (-3 + 0 + 9)?
-4
What is the value of 0 + -10 + 1 + 1 + 3?
-5
Calculate 5 - ((-10 - -5) + 14).
-4
Calculate (-2 + -5 - (-6 + 0)) + 8.
7
Evaluate 1 - (-10 - -1) - 11.
-1
Calculate (-1 - -1) + (4 + -4 - -3).
3
Evaluate 0 + (7 - 9) + 3.
1
(-1 - 1) + (-3 - -3 - -5)
3
0 - (4 - (1 - (0 + 4)))
-7
What is the value of 9 + -6 + (5 - 2) - 9?
-3
What is the value of (5 - (13 - 4)) + -3?
-7
(-5 + 12 - -14) + -13
8
Calculate (4 - -1) + 3 + -3.
5
What is -2 + (-2 + 6 - -3)?
5
-1 + -3 + 2 - 2
-4
Evaluate 7 + 11 + (-14 - -3).
7
What is the value of (-1 - -6) + (66 - 63)?
8
What is the value of (-2 - 1) + (10 - (-16 + 17))?
6
Evaluate -1 - (2 + 5 + (1 - 5)).
-4
-2 + 7 + -2 + 1
4
Calculate 1 + 0 - (0 + (-6 - -5)).
2
Evaluate -1 + -18 + 10 - -8.
-1
Evaluate 4 + 2 + (-12 - -4) - -7.
5
What is 5 - (8 - (5 + -1))?
1
What is the value of 3 - (-2 + (-6 - -6) - -8)?
-3
Calculate (8 - 3 - -2) + -6.
1
(-4 - -8 - 1) + -1 + -1
1
Evaluate (-3 - 8) + (63 - 55).
-3
4 + 0 + -7 + (-8 - -6)
-5
What is the value of -12 - (-2 + -8 - 2)?
0
Evaluate (8 - 6) + (-2 - -2).
2
23 - 7 - (-1 - -10)
7
What is the value of (0 - (2 - (-2 + 1))) + 6?
3
What is the value of -8 + 1 - ((-13 - -20) + -14)?
0
Evaluate -1 + 16 + (25 - 32).
8
Evaluate -3 - -3 - (-11 + 13) - 2.
-4
What is the value of 2 + 0 + (-4 - 1)?
-3
What is -4 + -9 + 3 + (-6 - -10)?
-6
Calculate -3 + 9 + 0 - (10 - -1).
-5
Calculate 5 + 4 + (-16 - -6) + 6.
5
(2 - -2) + -5 + 5
4
Evaluate (-3 - -3 - -2) + 3.
5
Calculate (-1 - 4) + (22 - 12) - -1.
6
What is -4 - -7 - (2 + 1)?
0
What is the value of 4 + 3 + (1 - (0 + 3))?
5
-5 - (4 + (0 - -1) + -4)
-6
Calculate (-2 - 2) + -4 + 11 + -3.
0
-1 + 12 - 13 - -8
6
Calculate 0 - (-3 - 0 - 2).
5
Calculate -1 + 0 - (-7 - (-2 - 3)).
1
Calculate -5 - 3 - (-6 + 1).
-3
Calculate 25 + -20 + (-12 - 0) - -3.
-4
What is 4 + -3 + 6 + -1?
6
What is 3 + -6 + 2 + 3 - 6?
-4
-1 - (-2 + -2 + -2)
5
Evaluate 0 + 1 + -2 + 0 + 3.
2
Evaluate 5 + 1 + 3 + -8 + 6.
7
2 + 1 + (9 + -3 - 7)
2
-4 + -2 + 15 - 4
5
What is the value of -2 + 2 + -2 - -3 - 3?
-2
Calculate (2 - 2) + 2 + -3.
-1
Evaluate 1 - -1 - (-2 - 2) - 8.
-2
Evaluate 5 + 13 + -23 + -1 + 0.
-6
What is the value of -1 - (-7 - (2 + -6))?
2
Evaluate 0 - 1 - (10 - 19 - -11).
-3
Calculate -2 + -2 - (-4 - 1).
1
What is the value of -1 + -5 + 5 + 7?
6
What is the value of -10 + 6 + 6 + (-1 - -2)?
3
What is the value of 1 + 2 - 4 - (3 + -1)?
-3
What is 9 + 3 + 9 + -10?
11
What is -7 - (-12 + (10 - 5))?
0
(-157 - -161) + (-3 - 0)
1
Evaluate -5 + 1 - (0 - -1 - 0).
-5
What is 7 - (2 + -3 - -4)?
4
What is (4 + -6 - 1) + 0 + -2?
-5
What is (-4 - -4) + 0 + (4 - -1)?
5
-10 + (-6 - (11 - 21))
-6
Calculate -26 - -26 - (-1 + 6).
-5
What is the value of -11 + 3 + (7 - (8 - 4))?
-5
What is (6 - (3 - -5)) + 12?
10
-2 + 11 + -5 - (-1 - -10)
-5
Calculate -14 + -1 - (84 + -93).
-6
5 - ((2 - -10) + -4 - 4)
1
What is (43 - 40) + (2 - (0 - -5))?
0
What is the value of 5 - (1 - 7 - (5 - 10))?
6
-4 + (3 + -3 - -3) - 0
-1
Evaluate -3 + -6 + 7 + 2 + 0.
0
Evaluate -7 + (0 - -1) + 8 - 2.
0
What is the value of -1 + 4 - (-4 + 8) - -5?
4
Evaluate -2 + (3 - 1) - (10 - 13).
3
Evaluate -2 - (-1 + 1 - 2).
0
Calculate 2 + 5 + -2 - -1.
6
Evaluate -1 + 6 + -3 + 1 - 2.
1
0 - (1 + 4 + -6)
1
Evaluate 3 - (-1 + 0) - 2.
2
Calculate 6 - 2 - (-1 + 3).
2
Calculate -3 - -3 - -4 - 9.
-5
Evaluate -1 + -5 + -151 + 152.
-5
What is 4 + (13 - 11 - 4)?
2
Calculate 6 + 0 + -4 + 0.
2
What is the value of 5 + 1 + (-4 - 0 - -4)?
6
What is -1 - -1 - (-5 - (-4 - -5))?
6
What is 65 + -79 + 0 + 6?
-8
-1 + 1 + 4 + (6 - 13)
-3
Evaluate 10 - (2 + (6 - -2)).
0
Calculate 3 + -2 - (1 - 2).
2
(4 + -4 - -4) + -11 + 8
1
Evaluate -1 - (2 - 2 - -1).
-2
(-18 - -21) + (-2 + 0 - -6)
7
Calculate -1 + (3 - 8) - (-13 + 10).
-3
Calculate -4 + 5 + (1 - -2) - 3.
1
Calculate (3 - 9) + (5 - (-1 + 1)).
-1
4 + -1 + 1 + 1 + -3
2
5 + 0 + -1 + -3
1
4 + -4 - 2 - (4 - 6)
0
-3 - (-2 - 3 - 1)
3
Evaluate 6 + (-8 - (2 + -5)) + -6.
-5
Calculate -4 - (-2 + 2 + (0 - 1)).
-3
Calculate 3 + (3 - 4) + 3 + 1.
6
What is (18 - 6) + -6 - 6 - -6?
6
What is the value of 3 - (0 + -3 + (26 - 23))?
3
(1 - 0) + -4 + -1 + 0
-4
What is the value of -1 - (-1 - -1) - (-19 + 15)?
3
Evaluate (2 - 2) + -2 - (-5 - -2).
1
What is the value of -2 + 4 + -2 + 1?
1
What is the value of -27 + 31 - (0 - -3)?
1
What is -9 + 1 - (-70 - -66)?
-4
What is the value of -3 - (-1 + -1 + -3)?
2
What is the value of 8 - 2 - 5 - -6?
7
What is 0 + -2 - (1 - 6)?
3
(16 - 5) + 0 + -8
3
6 + 0 + (2 + 1 - 2)
7
Calculate 6 + 1 + 95 + -97.
5
What is -1 + (-1 - -3 - 0 - 1)?
0
What is the value of -18 - (-1 + 0 + -11)?
-6
What is (-7 - (-7 - 12)) + -13?
-1
Evaluate -20 + 8 - -9 - (0 - 0).
-3
What is (6 + -7 - 7) + 5?
-3
What is the value of -11 + (2 + -7 - -12)?
-4
What is the value of (3 - 6) + 5 - -1?
3
-1 - ((-7 - -3) + -5 + 3)
5
3 - 4 - ((-1 - -2) + 0)
-2
1 + (0 - (1 + 3)) + 6
3
What is -3 - (3 - (3 - 5) - 4)?
-4
Calculate 4 + (4 - 16) - (34 - 32).
-10
What is the value of 3 + (-4 - (3 - -4 - 4))?
-4
What is the value of (0 + -3 - -2) + -3?
-4
Evaluate 3 - ((1 - -2) + -3).
3
What is 5 + -1 - (0 - 1 - -4)?
1
What is (-10 - -10) + -16 - -9?
-7
6 - (-3 + 0 + 17 + -3)
-5
9 + -1 - (-20 - -24)
4
5 + -3 + -3 + 1
0
Evaluate 3 + -9 + 3 - (1 - 0).
-4
(1 + 2 - -1) + -2 - -3
5
Evaluate -2 + (-13 + 14 - (-1 - 3)).
3
Evaluate -222 - -227 - (0 - (0 + -10)).
-5
What is the value of 23 - 18 - (0 - -7)?
-2
Evaluate -9 + 19 - (-2 - -6).
6
What is 1 + 7 + 3 + -8?
3
2 + 5 + (-4 - 5)
-2
Calculate -9 + 8 + 8 + -13.
-6
(11 - 9) + 0 + 3 + 0
5
-7 - (-16 + 6 - -7)
-4
Calculate 0 - ((3 - 2) + 5 - 1).
-5
What is 0 - (5 - (4 + -2)) - -4?
1
Calculate (1 - 3) + (-7 - 0) + 10.
1
Evaluate -6 - -2 - (-3 - -7).
-8
(-2 - -1) + (-19 + -2 - -23)
1
What is the value of 2 + (-2 - 2) + 1?
-1
Evaluate 1 - ((4 - 3) + 4).
-4
What is 1 + -1 - (-6 + 13 + -12)?
5
Evaluate 0 + 3 - (5 - 6).
4
What is -4 + (0 - 2) + 3?
-3
Calculate 10 + -7 + (-3 - -5).
5
What is (1 - -4) + (-29 - -22)?
-2
-1 + -2 + (-2 - -1)
-4
(-8 - 6) + (11 - 4)
-7
Calculate (-1 - -1) + -69 + 59.
-10
-2 + (-5 - -4) + 5
2
-3 + 4 + -5 - 0
-4
What is the value of 6 - (6 - 0 - 0)?
0
-13 - -5 - (-9 - 3)
4
What is the value of -5 - (0 + 5 + -12 - 0)?
2
Evaluate (9 - 5) + (0 - -1).
5
Evaluate (-4 - -3 - 0) + -6 + -1.
-8
Calculate (-9 - (-6 + -9)) + -11.
-5
-3 + 4 + 0 + -6
-5
Evaluate 8 - 0 - (-9 + (23 - 13)).
7
Calculate (-2 - (4 - 4)) + -1 + 1.
-2
Calculate -16 + 15 + (-1 - 5).
-7
What is the value of -3 + 0 + 69 + -61?
5
Calculate -3 + (4 - 0) + 3 + 0.
4
Evaluate 9 + -7 - (-1 + 1 - -4).
-2
What is 2 + (1 + -2 - -2) + -2?
1
Calculate (-2 - -2 - 0) + -2 + -2.
-4
Calculate (4 - 9 - -6) + (0 - -2).
3
Calculate 0 - (-4 - (-6 - (-3 + 0))).
1
What is the value of -1 - -2 - (2 + -1 + -5)?
5
What is 12 - (12 - 2 - 5)?
7
What is -11 + (-4 - -6) + 13?
4
Calculate -11 + 9 + 4 + 7.
9
What is the value of 4 - (1 + 5 + -3)?
1
What is -9 + 3 + 6 + -3?
-3
What is the value of (-2 + -2 - (3 + -3)) + 1?
-3
What is (0 - 6) + 6 + -3 + 7?
4
Calculate (4 - 3) + 1 + 1 + 0.
3
Calculate 2 - (-2 + 1 + (-1 - -5)).
-1
What is the value of 4 + (-2 - -3) + -2?
3
-3 + 12 + -12 + 4 + -1
0
(3 + 1 - 5) + 4
3
What is -1 + -2 - -9 - 2?
4
Evaluate (-46 - -40) + (-7 + 2 - -3).
-8
What is -12 - (-14 - (-4 - -5))?
3
Calculate -2 - (-4 - 9 - -6).
5
Calculate -12 + (16 - 3) - (1 - 4).
4
Evaluate -3 + -9 + 17 + -3 + 1.
3
What is -1 - ((6 - 1) + -20 + 8)?
6
What is the value of 1 - ((-7 - 0) + (-1 - -6))?
3
(-5 + (0 - -3) - -4) + 2
4
Calculate 5 - (-3 + 5 + -3) - 2.
4
Calculate 0 + (10 - 10) - -3.
3
What is -8 + (-6 - (2 + -6 + -8))?
-2
What is the value of 2 - 5 - 4 - (-3 + 1)?
-5
Evaluate (-10 - (-4 - -3)) + 5.
-4
3 - -4 - (8 + -5)
4
-9 + 14 + (3 - 1) - 3
4
What is -4 + 11 + (1 - 4)?
4
Evaluate (-3 - 2) + (-5 - -7).
-3
What is 7 - 4 - 3 - 0?
0
Calculate -14 - ((13 - 2) + -24).
-1
Calculate 7 - ((-7 - -10) + -1).
5
What is the value of -2 + (-1 - 2) + -55 + 51?
-9
(7 + -10 - -8) + -7
-2
What is (-10 - -16) + (0 - 3)?
3
What is 5 + (1 - -1) + -6 - 0?
1
-3 + 2 - (0 + 3 + -4)
0
What is the value of 4 - 4 - (0 + 3)?
-3
Evaluate -9 + 5 + -3 + 2.
-5
What is (-8 - 4) + 24 - (5 + -1)?
8
Calculate 7 + -7 + (11 - 5 - -1).
7
Evaluate 6 + -4 + 1 + -6 - -1.
-2
Evaluate 8 - (2 - -4 - 4).
6